 = 86 + -85. Let t(m) = -3*m**2 - 8*m - 3. Let g(f) = -4*f**2 - 7*f - 2. Let r(p) = -5*g(p) + 4*t(p). What is the units digit of r(l)?
9
Let f(z) = 10*z + 2. Let r(x) = 2*x - 3. Let s(v) = -v + 10. Let d be s(7). Let u be r(d). What is the units digit of f(u)?
2
Let x(j) be the second derivative of -j**3/3 + 35*j**2/2 + 3*j. What is the units digit of x(-6)?
7
Suppose -5*r = 5*u + 180, 4*u - 3*u = r + 44. Let m = 67 + r. What is the units digit of m?
7
What is the units digit of 551 - (-7 - (6 - 13))?
1
Suppose 2*z = 6*z - 7668. What is the thousands digit of z?
1
What is the units digit of 7214/3 + 1*(-1)/(-3)?
5
Let u = -49 + 51. What is the units digit of ((-126)/(-27))/(u/36)?
4
Let a = 265 + -61. Suppose -3*k = 3*k - a. What is the units digit of k?
4
Suppose 0 = i + 2*w + 9 - 1, i - w - 4 = 0. Let g = 0 - i. Let f = g - -10. What is the tens digit of f?
1
Let b = 8 - 2. Suppose 4*k - 2 = b. Suppose -4*u = -k*f - 208, -2*u - 2*u + 214 = -5*f. What is the units digit of u?
1
Let d = -316 + 123. Let h = d + 380. What is the tens digit of h?
8
Suppose -2*n - 3*o - 10 - 28 = 0, 5*o + 34 = -2*n. Let l = n - -24. Suppose 4*g - 146 = -4*c + 6*c, 0 = l*c - 10. What is the tens digit of g?
3
Let r be (2/4 - (-9 - -8))*2. What is the units digit of (4/r)/((-10)/6)*-60?
8
Suppose 5*z - 4*z - 190 = 0. What is the units digit of z?
0
Let h(x) = x**2 + 70*x - 19. What is the tens digit of h(30)?
8
Let h be (-3)/(-2)*(-300)/(-18). Suppose -2*r = 3*r - h. Suppose 4*k - 105 = -5*f, -33 = 4*k - r*k + f. What is the units digit of k?
0
Let b(w) = 7*w**2 - 1. Let f(s) = -s**2 + 7*s - 5. Let y = -8 + 14. Let u be f(y). What is the units digit of b(u)?
6
Suppose 2*w - 3*f - 1 = 0, -3*w + 5*f = 2*w + 5. What is the hundreds digit of (-5)/2*(-62 + w/(-1))?
1
Let q be (2 - 84/35)*(-5)/2. What is the hundreds digit of (-4)/2 + 132 - (q + 1)?
1
What is the units digit of (-46434)/(-54) - 5/(-45)?
0
Let x = 56 + -105. Let t = x - -34. What is the units digit of (24/t)/((-4)/30)?
2
Suppose -7*l + 6 = -8. Suppose 0 = -n + l*n - 106. What is the hundreds digit of n?
1
Let u be 4/6 - (-133)/57. Let d(g) = g**3 - g**2 + 4*g - 1. What is the units digit of d(u)?
9
Suppose 4*u - 12*u = -2120. Suppose -4*o = -1161 + u. What is the tens digit of o?
2
Suppose 8 = 2*c + 34. Let n = c + 9. Let s = n + 19. What is the units digit of s?
5
Let o = -9 + 9. Suppose o = d - 27 - 0. Suppose 0 = n - 2*n + d. What is the units digit of n?
7
Let l = 280 - 500. Let c = l - -404. What is the hundreds digit of c?
1
Suppose -4*f - 4*p + 216 = 0, -2*p = -0*f + 5*f - 282. Suppose -22*t = 620 + 128. Let c = f + t. What is the tens digit of c?
2
Suppose 0 = 4*d + 8, z = 4*d + 3 + 9. Suppose 4*s + z*r - 28 = 3*s, -5*s + 5*r = -15. Suppose 0 = -g + 2*g - s. What is the units digit of g?
8
Let a(p) = 373*p**2 + 6*p + 2. What is the tens digit of a(-1)?
6
Suppose 1695 + 2175 = 5*p. What is the hundreds digit of p?
7
Let v be (2 - 26/10) + (-2013)/(-55). Let x = v + 28. What is the units digit of x?
4
Let l be -1 - (4/(-6))/(6/9). Suppose 0 = -l*v - v + 37. What is the tens digit of v?
3
Suppose 7*d + 43 - 57 = 0. Let a = -70 - 96. What is the tens digit of (-3)/(d + a/80)?
4
Suppose 2*k - 2 = -3*d - 8, -4 = d. Let f be (58/4)/(14/28). Suppose -k*s + f + 28 = 0. What is the tens digit of s?
1
Let c be (-5)/(-20)*2*2*9. What is the units digit of -23*c*(-1)/3?
9
Suppose -30*l + 11105 = -12115. What is the units digit of l?
4
Let q(z) = -z**3 - 17*z**2 - 18*z - 6. What is the hundreds digit of q(-19)?
0
Suppose 0 = 3*c - c + 5*v + 211, -2*c + v - 193 = 0. Let n = c + 163. What is the units digit of n?
5
Let z = -628 + 3545. What is the thousands digit of z?
2
Suppose 2*g - 5 = 1, -g = -2*f + 3. Suppose 5*n = 3*w + 688, f*n + 3*w + w = 407. What is the units digit of n?
7
Let r(j) = 4*j - 3. Let i be r(6). Let d = i + 29. Suppose 4*h - 6*h = 3*b - 30, 5*b - d = h. What is the units digit of b?
0
Let b(u) = 2*u**3 - 36*u**2 - 23*u - 59. What is the tens digit of b(22)?
0
Suppose 60*a = 42*a + 23076. What is the tens digit of a?
8
Suppose 0 = -6*u - 3*u + 27. Suppose u*v + 10 = 85. What is the tens digit of v?
2
Let p = 3 - -14. Suppose -5 = -4*s - p. Let h = 13 - s. What is the tens digit of h?
1
Let r(x) = -x**3 + 9*x**2 + 9*x + 12. Let b be r(10). Suppose -2*z + 5*n - 4 = 0, z = -b*z - 5*n + 44. Suppose 28 + z = j. What is the units digit of j?
6
Let z(f) = -55*f + 3 + 2 - 3 + 4. What is the tens digit of z(-2)?
1
Let x(p) = -2*p + 2. Let l be x(1). Suppose z = -l*z + b + 96, 0 = 4*z - 3*b - 385. What is the units digit of z?
7
Let c(l) = 252*l**2 - 2*l - 1. What is the units digit of c(-1)?
3
Suppose 0 = 5*g + 142 - 652. Suppose -179 = -2*z + 3*u, z + 4*u + g = 2*z. What is the tens digit of z?
8
Suppose -2*o + 575 + 433 = 0. What is the hundreds digit of o?
5
Let x be -9*(-26)/1*2/(-12). What is the units digit of (-3)/((-3)/2) + 1 - x?
2
Let q(m) = -m**2 + 2*m - 5. Let y be q(0). Let j be 5/(((-3)/2)/(-3)). Let b = y + j. What is the units digit of b?
5
What is the units digit of 1554/(-148)*(-108)/7?
2
Let d be (-2)/(-14) - -113*(-24)/(-28). Let a = 3 + d. What is the hundreds digit of a?
1
Let j(y) = y**3 + 6*y + 2918. What is the units digit of j(0)?
8
What is the hundreds digit of (392 - 4) + 2 + -6?
3
Suppose -5*k = -0*k - 200. Suppose 0*m + k = 4*m. What is the units digit of m?
0
What is the hundreds digit of (27/(-6) + 4)/((-4)/16832)?
1
Let x be 24 + -1 - 1 - 2. Let p = 25 - x. Suppose 0 = p*k + 19 - 64. What is the units digit of k?
9
Let x = 2105 + -952. What is the units digit of x?
3
Suppose 0 = -4*j - 3*v + 594 + 1566, 0 = 2*v. What is the units digit of j?
0
Let w be (3/(-9))/(2/30). What is the units digit of ((-255)/(-6))/(w + (-55)/(-10))?
5
Let p(o) be the third derivative of o**6/120 + 2*o**5/15 - o**4/24 - 5*o**3/6 + 2*o**2. What is the units digit of p(-8)?
3
Let n(p) = -55*p**3 - 4*p**2 + 6*p - 8. What is the units digit of n(-3)?
3
Let i be (-2)/9 - (-411)/27. Let f be 3/i - (-18)/(-15). What is the units digit of (0 + f)*(-12 - -6)?
6
Suppose 5*n - 4*m + 320 = 0, n - m + 22 + 43 = 0. Let z = n + 224. What is the units digit of z?
4
Let y(s) = 186*s**3 + 10*s**2 - 15*s - 10. What is the units digit of y(2)?
8
What is the tens digit of 80/(-6)*(-33)/22?
2
Suppose 0 = -8*n + 12*n + 1712. Let g = -300 - n. What is the tens digit of g?
2
What is the tens digit of (-9)/(9/(-535)) - 1?
3
Let p(r) = 7*r**2 + 2*r + 2. Let a be p(-2). Suppose -a = -5*j + 29. What is the tens digit of j?
1
Let i be (((-6)/3)/(-2))/(-1). Let d be -2 - (1/i + 26). What is the units digit of ((-9)/d)/((-1)/(-12))?
4
What is the hundreds digit of ((-1145)/(-5))/(1/10)?
2
Let s = 442 - 11. What is the tens digit of s?
3
Let t(k) = -13*k + 23. Suppose -20*s - 12 = -17*s. What is the units digit of t(s)?
5
Let u = 39 + -27. Suppose 3*d - u = d - 4*v, 0 = -4*d - v + 45. What is the units digit of d?
2
Let l(o) = 269*o**2 - 2*o. Let c be l(1). Let i = c + -176. What is the units digit of i?
1
Let b(o) = -5*o + 17. Let k = -16 - -2. What is the tens digit of b(k)?
8
Let l be (-2)/3*(-1 + -2 + -3). Suppose -4*d + 161 = -123. Suppose l*a - d = 5*p, -2*a - 5*p = -1 - 12. What is the tens digit of a?
1
Let h(m) = m**2 - m - 1. Let c(v) = -23*v**2 + 4*v + 7. Let q(f) = -c(f) - 4*h(f). What is the tens digit of q(2)?
7
Suppose i - 2*i + 4*g - 6 = 0, -4*i - 3*g + 14 = 0. Suppose i*v = 4*v - 82. What is the tens digit of v?
4
Let l(y) = -y**3 + 21*y**2 - 9*y + 2. What is the tens digit of l(9)?
9
Let c be 18 - (-2 - -3 - 3). Let h = c + -17. Suppose x = -h*x + 52. What is the units digit of x?
3
Let y = -5647 + 7941. What is the thousands digit of y?
2
Let v = -60 + 275. What is the tens digit of v?
1
Suppose o = -3*k + 6, -7 + 19 = o + k. Let q(w) = w**2 - w - 26. What is the hundreds digit of q(o)?
1
Let d = -712 - -950. What is the hundreds digit of d?
2
Suppose -5*p + 87 = -5*g - 353, -452 = -5*p + 2*g. Suppose -5*a + 8 = 2*k - p, 4 = 2*a. What is the units digit of (9/5)/(9/k)?
9
Suppose 0 = 47*c - 2940 - 8810. What is the hundreds digit of c?
2
What is the units digit of (-12)/33 - (4 + 549288/(-99))?
4
What is the tens digit of 7 - (-1 - -5) - -59?
6
Let g = 64 - 38. Let h = 65 - g. What is the units digit o